1234*t - 3702. Let y be u(3). What is the highest common factor of y and 5046?
3
Suppose -81*f = -46736 - 11989. What is the greatest common factor of f and 25?
25
Let q = 702 - 682. Let r be (0 - q/(-25))/(3/15). Calculate the highest common factor of 100 and r.
4
Let s be 211/5 - ((-66)/(-30) - 2). Let o(f) = 4*f**3 - 5*f**2 - 22*f + 80. Let w be o(4). What is the greatest common factor of w and s?
42
Suppose -3*r = -67 - 17. Suppose -91 = -5*u + 6*u + b, u - 4*b = -96. Let j = 232 + u. What is the greatest common divisor of j and r?
28
Suppose -119 + 625 = -2*w. Let n(l) = l**3 - 40*l**2 - 48*l - 83. Let g be n(41). Let c = w - g. What is the highest common divisor of c and 13?
13
Let y(u) be the first derivative of -u**4/4 + 10*u**3/3 - 11*u**2/2 - 7*u + 64. Let q be y(7). What is the greatest common factor of 231 and q?
21
Let g = -18471 + 60123. What is the greatest common factor of 89 and g?
89
Let b = 1 - -28. Let u(i) = 48*i - 329. Let s(p) = -239*p + 1653. Let d(j) = 2*s(j) + 11*u(j). Let o be d(8). Calculate the highest common factor of o and b.
29
Suppose -3858140 = -13*w - 196*w. Calculate the highest common divisor of 20 and w.
20
Suppose -5*q + 350 = 2*r, -q = -0*q - r - 70. Suppose 499 = -5*d + 9*d + a, 7*d - 4*a = 902. Calculate the highest common divisor of d and q.
14
Let h(a) = 20*a**3 - 10*a**3 - 6*a**3 + a**2 + 5*a - 4*a - 3*a**3 + 1. Let p be h(6). What is the greatest common factor of p and 74?
37
Let i = 12 + -8. Let d(p) = p**3 + 31*p**2 - 27*p + 204. Let z be d(-32). What is the highest common factor of z and i?
4
Let c be (128/(-5))/((108/(-405))/(10/3)). What is the greatest common factor of 720 and c?
80
Let i = 35 + -14. Let r be -39 + 13 + 14 - (-7 + -341). What is the greatest common divisor of r and i?
21
Let l = -10676 - -10728. Calculate the greatest common factor of l and 328.
4
Suppose -33*o = -24*o - 40446. What is the greatest common factor of o and 6?
6
Suppose 36*b + 479*b - 466336 = 43*b. Calculate the greatest common factor of 2548 and b.
52
Let a be 20/1*(-3)/(-2). Let i(b) = -b**2 + 14*b + 51. Let q be i(-4). Let v be 2/(-21)*-66 - (-6)/q. What is the greatest common factor of a and v?
6
Suppose 0 = -4*k + 2*c + 44, -10 = 2*k - 4*k + 4*c. Let y = -4569 - -4829. What is the highest common factor of k and y?
13
Let p = -1465 + 1697. Let c(u) = -20*u - 10. Let n be c(-15). Calculate the highest common divisor of n and p.
58
Suppose -16*p - 20 = -20*p. Suppose q = i - 3*q - 25, -p*i - q = -20. What is the highest common divisor of i and 55?
5
Let n be (-17)/(-5) + 8/(-20). Suppose n*x - 11 = 4. Suppose x*p - 6 = 4*d, 2*d = 4*p - 2 - 4. Calculate the greatest common divisor of 9 and d.
1
Suppose 156*v = 151*v - 30. Let d be 18*(-24)/(-18) + v. Calculate the greatest common divisor of 414 and d.
18
Let q be 71272/6 - (2/(-9))/(10/15). What is the highest common divisor of q and 7?
7
Suppose -32983*q + 33009*q - 81120 = 0. What is the greatest common divisor of q and 840?
120
Suppose 0 = -187*g + 20*g + 101035. What is the greatest common factor of g and 55?
55
Let u be (38 + 2)*(93/6 - 9). Suppose -372 - 468 = -21*j. What is the greatest common factor of j and u?
20
Let v = 836 - 794. Suppose 0 = -l + 5*k - 2*k + 138, 2*l - k - 256 = 0. Calculate the greatest common divisor of v and l.
42
Suppose 3*n + 69*f - 3076 = 67*f, 0 = -5*n + 4*f + 5178. Calculate the highest common divisor of n and 1854.
206
Let n be ((5 - 999/(-1))/2)/2. Suppose 2*m + 62*d - n = 63*d, -127 = -m - d. Calculate the highest common factor of 28 and m.
14
Let d be (132/10)/(-1*4/(-10)). Suppose -3*g = 4*x - 194, -5*g - d - 192 = -5*x. Suppose x = 3*k - 25. What is the greatest common divisor of k and 6?
6
Suppose -3 = -2*j - 4*g - 9, 0 = -3*j - 3*g + 3. Suppose j*x = 6*x + 12. Let o be ((-6)/x)/(3/36). Calculate the highest common divisor of o and 9.
3
Let c(l) = 108*l. Let t(f) = -2483*f. Let m(u) = 91*c(u) + 4*t(u). Suppose -6*w - 4 = 8. Let k be m(w). What is the highest common divisor of k and 26?
26
Suppose 3*j + 1 - 7 = 0. Suppose j*b - g - 32 + 4 = 0, 0 = 5*b - g - 64. Let t be (129/b + -1)/(3/12). Calculate the highest common divisor of t and 26.
13
Let q be (45 + -31)*(-2)/4. Let b be q/((-7)/(-5))*-143. What is the highest common divisor of b and 110?
55
Let f(l) = 92*l - 11. Let g be f(2). Calculate the greatest common factor of 1 and g.
1
Let m = 35 - -41. Suppose -m = -4*y + 216. Suppose 4*t + 56 = 4*x, 5*x - 4*t - y = -2*t. What is the highest common factor of x and 15?
15
Suppose -53*y + 43245 = -16963. Calculate the highest common divisor of y and 80.
16
Let o be 270 - (58/(-18) - (-4)/18). Let z = o - 243. What is the greatest common factor of 30 and z?
30
Let j be (-55)/11 - -5*(-7 - -38). Let l = -6 + 36. What is the greatest common divisor of l and j?
30
Let o be 1*186/(-9)*3/(-2). Suppose -o = -j + 47. Let y be (j/(-12) + 2)*2/(-3). Calculate the greatest common divisor of y and 3.
3
Suppose 9*g + 0*g - 747 = 0. Let i = -42 + g. Suppose 740 = i*q - 37*q. Calculate the greatest common divisor of q and 37.
37
Let s(f) = 4*f**2 + 33*f - 16. Let y be s(2). What is the highest common divisor of 150 and y?
6
Let l = 106 - 1. Suppose -2*d = -3*d + 3. Suppose 4*a + 26 + 5 = k, -d*k = -4*a - 61. What is the highest common factor of l and k?
15
Let t be (2 - 3)*(2 + 13*15). Let h = 1127 + t. Suppose 7*v = -3*v + h. Calculate the highest common divisor of 62 and v.
31
Suppose 3*x - 48 = 4*j + j, -x - 5*j = 4. Suppose -9*z + 7*z = q - 13, 0 = z - q - x. Suppose 5*u = 40 + 240. What is the greatest common divisor of z and u?
8
Suppose 0 = 3*c - b - 469, -2*c + 787 = 3*c + b. Suppose -c - 1895 = -18*x. Calculate the greatest common factor of 19 and x.
19
Suppose 3*z = -g + 134 + 95, -g = -5*z + 387. Let y be 3*(-3 - (-236)/12). Let d = y - 39. What is the greatest common divisor of z and d?
11
Let f be (9 - (0 - 0)) + 0 + 0. Let g(v) = 221*v + 4. Let j be g(1). Calculate the highest common divisor of f and j.
9
Let k be (17/(-4))/((-2)/8). Let f(y) = 2*y**2 - 13*y + 19. Let t be f(5). Let b be (-17)/(1 + (-6)/t). What is the highest common divisor of k and b?
17
Let t = -220 + 430. Let w = t + -50. What is the greatest common divisor of 60 and w?
20
Suppose 0 = -2*m + 44 + 16. Let c = 212 - 132. What is the highest common factor of c and m?
10
Suppose -5*i = 5*i. Suppose -4*l - 36 + 225 = -v, i = -l + 3*v + 61. Let s = -43 + l. Calculate the highest common divisor of 33 and s.
3
Let h be (68/3 + 6)*-6. Let x = h - -198. What is the highest common divisor of x and 91?
13
Let v = 803 - 360. Let s = 755 - v. Calculate the greatest common divisor of 24 and s.
24
Let i = 959 + -459. What is the highest common factor of 1300 and i?
100
Let t(m) = 43*m + 2930. Let l be t(-62). Calculate the greatest common factor of l and 20856.
264
Let x(m) = m**2 - 7*m + 2. Let b be x(8). Suppose -b*k + 360 = -6*k. Calculate the greatest common divisor of k and 36.
18
Let a = -58 - -124. Let d be -4*(-2)/20 + (-2728)/(-155). Suppose t - 24 = 8*x - 12*x, 5*t = -3*x + d. Calculate the greatest common factor of a and x.
6
Let b(p) = 13*p**2 + 149*p + 19. Let s be b(-12). Calculate the greatest common factor of s and 12051.
103
Let r(g) be the third derivative of 61*g**5/12 + 17*g**4/24 + 17*g**3/6 - 6*g**2 - g. Let w be r(-1). Calculate the highest common factor of 122 and w.
61
Suppose 200*t = -29*t - 46*t + 740300. What is the highest common factor of 20 and t?
4
Let m = 9 + -6. Suppose -2*c + 3*c + m*k - 43 = 0, c = 2*k + 28. What is the greatest common factor of 238 and c?
34
Let u = 227 + -200. Let g = 14 + -5. What is the greatest common factor of u and g?
9
Suppose -3*m - t = -25 - 2, 2*t = m - 9. Suppose 273 = 5*p + 233, d - 2*p = 56. What is the greatest common factor of d and m?
9
Let d = 14 - 16. Let h be 195/26 - 3/d. Let m(i) = i**3 + 9*i**2 - i - 6. Let u be m(-5). Calculate the highest common divisor of h and u.
9
Let a be 97/388 + -1 + (-3811)/(-4). What is the highest common factor of 504 and a?
56
Suppose 5*q - 4*r - 424 = 0, 4*r + 0*r + 336 = 4*q. Suppose 316 = v + 2*a, -118*v - 292 = -119*v + 4*a. What is the greatest common divisor of q and v?
44
Suppose -2*c = -5*c + 1872. Let t be (-813)/(-63) - (2500/210 - 12). Suppose c =